{"id":55,"date":"2025-11-09T21:36:02","date_gmt":"2025-11-09T20:36:02","guid":{"rendered":"https:\/\/fewo-meer-und-wald.de\/?page_id=55"},"modified":"2025-11-09T22:01:06","modified_gmt":"2025-11-09T21:01:06","slug":"impressum","status":"publish","type":"page","link":"https:\/\/fewo-meer-und-wald.de\/index.php\/impressum\/","title":{"rendered":"Impressum"},"content":{"rendered":"\n<p><strong>Angaben gem\u00e4\u00df \u00a7 5 TMG<\/strong><\/p>\n\n\n\n<p><strong>Vermieterin und Anbieterin der Ferienwohnung:<\/strong><br>Gerhild Eschner<br>D\u00fcnenstr. 19<br>18225 Ostseebad K\u00fchlungsborn<br>Deutschland<\/p>\n\n\n\n<p>Telefon: +49 (0)38293 17395<br>E-Mail: <a href=\"mailto:kontakt@ferienwohnung-am-see.de\">meerwald@posteo.de<\/a><br>Webseite: <a href=\"http:\/\/www.ferienwohnung-am-see.de\/\">www.fe<\/a>wo-meer-und-wald.de<\/p>\n\n\n\n<hr class=\"wp-block-separator has-alpha-channel-opacity\"\/>\n\n\n\n<h3 class=\"wp-block-heading\">Verantwortlich f\u00fcr den Inhalt nach \u00a7 55 Abs. 2 RStV<\/h3>\n\n\n\n<p>Gerhild Eschner<br>D\u00fcnenstr. 19<br>18225 Ostseebad K\u00fchlungsborn<\/p>\n\n\n\n<hr class=\"wp-block-separator has-alpha-channel-opacity\"\/>\n\n\n\n<h3 class=\"wp-block-heading\">Webseitenbetreuung<\/h3>\n\n\n\n<p>Technische Betreuung und Pflege der Webseite durch<\/p>\n\n\n\n<p>Gladys Hoffmann<br>Emdener Str. 37<br>10551 Berlin<br>Email: meerwald@posteo.de<\/p>\n\n\n\n<hr class=\"wp-block-separator has-alpha-channel-opacity\"\/>\n\n\n\n<h3 class=\"wp-block-heading\">Haftungsausschluss<\/h3>\n\n\n\n<p>Trotz sorgf\u00e4ltiger inhaltlicher Kontrolle \u00fcbernimmt die Betreiberin keine Haftung f\u00fcr die Inhalte externer Links.<br>F\u00fcr den Inhalt der verlinkten Seiten sind ausschlie\u00dflich deren Betreiber verantwortlich.<\/p>\n\n\n\n<hr class=\"wp-block-separator has-alpha-channel-opacity\"\/>\n\n\n\n<h3 class=\"wp-block-heading\">Urheberrecht<\/h3>\n\n\n\n<p>Die auf dieser Webseite ver\u00f6ffentlichten Inhalte und Werke unterliegen dem deutschen Urheberrecht.<br>Vervielf\u00e4ltigung, Bearbeitung, Verbreitung oder jede Art der Verwertung au\u00dferhalb der Grenzen des Urheberrechts bed\u00fcrfen der schriftlichen Zustimmung der Betreiberin.<\/p>\n\n\n\n<hr class=\"wp-block-separator has-alpha-channel-opacity\"\/>\n\n\n\n<h3 class=\"wp-block-heading\">Hinweis<\/h3>\n\n\n\n<p>Diese Webseite dient ausschlie\u00dflich der Information \u00fcber die angebotene Ferienwohnung.<br>Eine direkte Online-Buchung ist nicht m\u00f6glich.<\/p>\n","protected":false},"excerpt":{"rendered":"<p>Angaben gem\u00e4\u00df \u00a7 5 TMG Vermieterin und Anbieterin der Ferienwohnung:Gerhild EschnerD\u00fcnenstr. 1918225 Ostseebad K\u00fchlungsbornDeutschland Telefon: +49 (0)38293 17395E-Mail: meerwald@posteo.deWebseite: www.fewo-meer-und-wald.de Verantwortlich f\u00fcr den Inhalt nach \u00a7 55 Abs. 2 RStV Gerhild EschnerD\u00fcnenstr. 1918225 Ostseebad K\u00fchlungsborn Webseitenbetreuung Technische Betreuung und Pflege der Webseite durch Gladys HoffmannEmdener Str. 3710551 BerlinEmail: meerwald@posteo.de Haftungsausschluss Trotz sorgf\u00e4ltiger inhaltlicher Kontrolle \u00fcbernimmt [&hellip;]<\/p>\n","protected":false},"author":1,"featured_media":0,"parent":0,"menu_order":0,"comment_status":"closed","ping_status":"closed","template":"","meta":{"footnotes":""},"class_list":["post-55","page","type-page","status-publish","hentry"],"_links":{"self":[{"href":"https:\/\/fewo-meer-und-wald.de\/index.php\/wp-json\/wp\/v2\/pages\/55","targetHints":{"allow":["GET"]}}],"collection":[{"href":"https:\/\/fewo-meer-und-wald.de\/index.php\/wp-json\/wp\/v2\/pages"}],"about":[{"href":"https:\/\/fewo-meer-und-wald.de\/index.php\/wp-json\/wp\/v2\/types\/page"}],"author":[{"embeddable":true,"href":"https:\/\/fewo-meer-und-wald.de\/index.php\/wp-json\/wp\/v2\/users\/1"}],"replies":[{"embeddable":true,"href":"https:\/\/fewo-meer-und-wald.de\/index.php\/wp-json\/wp\/v2\/comments?post=55"}],"version-history":[{"count":2,"href":"https:\/\/fewo-meer-und-wald.de\/index.php\/wp-json\/wp\/v2\/pages\/55\/revisions"}],"predecessor-version":[{"id":64,"href":"https:\/\/fewo-meer-und-wald.de\/index.php\/wp-json\/wp\/v2\/pages\/55\/revisions\/64"}],"wp:attachment":[{"href":"https:\/\/fewo-meer-und-wald.de\/index.php\/wp-json\/wp\/v2\/media?parent=55"}],"curies":[{"name":"wp","href":"https:\/\/api.w.org\/{rel}","templated":true}]}}

<p><strong>Angaben gemäß § 5 TMG</strong></p>



<p><strong>Vermieterin und Anbieterin der Ferienwohnung:</strong><br>Gerhild Eschner<br>Dünenstr. 19<br>18225 Ostseebad Kühlungsborn<br>Deutschland</p>



<p>Telefon: +49 (0)38293 17395<br>E-Mail: <a href="mailto:kontakt@ferienwohnung-am-see.de">meerwald@posteo.de</a><br>Webseite: <a href="http://www.ferienwohnung-am-see.de/">www.fe</a>wo-meer-und-wald.de</p>



<hr class="wp-block-separator has-alpha-channel-opacity"/>



<h3 class="wp-block-heading">Verantwortlich für den Inhalt nach § 55 Abs. 2 RStV</h3>



<p>Gerhild Eschner<br>Dünenstr. 19<br>18225 Ostseebad Kühlungsborn</p>



<hr class="wp-block-separator has-alpha-channel-opacity"/>



<h3 class="wp-block-heading">Webseitenbetreuung</h3>



<p>Technische Betreuung und Pflege der Webseite durch</p>



<p>Gladys Hoffmann<br>Emdener Str. 37<br>10551 Berlin<br>Email: meerwald@posteo.de</p>



<hr class="wp-block-separator has-alpha-channel-opacity"/>



<h3 class="wp-block-heading">Haftungsausschluss</h3>



<p>Trotz sorgfältiger inhaltlicher Kontrolle übernimmt die Betreiberin keine Haftung für die Inhalte externer Links.<br>Für den Inhalt der verlinkten Seiten sind ausschließlich deren Betreiber verantwortlich.</p>



<hr class="wp-block-separator has-alpha-channel-opacity"/>



<h3 class="wp-block-heading">Urheberrecht</h3>



<p>Die auf dieser Webseite veröffentlichten Inhalte und Werke unterliegen dem deutschen Urheberrecht.<br>Vervielfältigung, Bearbeitung, Verbreitung oder jede Art der Verwertung außerhalb der Grenzen des Urheberrechts bedürfen der schriftlichen Zustimmung der Betreiberin.</p>



<hr class="wp-block-separator has-alpha-channel-opacity"/>



<h3 class="wp-block-heading">Hinweis</h3>



<p>Diese Webseite dient ausschließlich der Information über die angebotene Ferienwohnung.<br>Eine direkte Online-Buchung ist nicht möglich.</p>

<p>Angaben gemäß § 5 TMG Vermieterin und Anbieterin der Ferienwohnung:Gerhild EschnerDünenstr. 1918225 Ostseebad KühlungsbornDeutschland Telefon: +49 (0)38293 17395E-Mail: meerwald@posteo.deWebseite: www.fewo-meer-und-wald.de Verantwortlich für den Inhalt nach § 55 Abs. 2 RStV Gerhild EschnerDünenstr. 1918225 Ostseebad Kühlungsborn Webseitenbetreuung Technische Betreuung und Pflege der Webseite durch Gladys HoffmannEmdener Str. 3710551 BerlinEmail: meerwald@posteo.de Haftungsausschluss Trotz sorgfältiger inhaltlicher Kontrolle übernimmt [&hellip;]</p>
