{"id":115,"date":"2025-11-16T21:07:01","date_gmt":"2025-11-16T20:07:01","guid":{"rendered":"https:\/\/fewo-meer-und-wald.de\/?page_id=115"},"modified":"2025-11-24T09:16:44","modified_gmt":"2025-11-24T08:16:44","slug":"wissenswertes","status":"publish","type":"page","link":"https:\/\/fewo-meer-und-wald.de\/index.php\/wissenswertes\/","title":{"rendered":"Wissenswertes"},"content":{"rendered":"\n<h3 class=\"wp-block-heading\">An- und Abreise<\/h3>\n\n\n\n<p>Am Anreisetag steht die Ferienwohnung ab 16 Uhr bereit. Die Abreise muss bis 10 Uhr erfolgen.<\/p>\n\n\n\n<h3 class=\"wp-block-heading\">Ausstattung<\/h3>\n\n\n\n<ul class=\"wp-block-list\">\n<li>Sp\u00fclmaschine<\/li>\n\n\n\n<li>Kaffeemaschine<\/li>\n\n\n\n<li>Herd mit Backofen<\/li>\n\n\n\n<li>Anlage f\u00fcr Radio- und Fernsehempfang (Anschluss eigener Ger\u00e4te \u00fcber ein HDMI-Kabel m\u00f6glich)<\/li>\n\n\n\n<li>Schreibtisch<\/li>\n\n\n\n<li>WLAN inklusive<\/li>\n\n\n\n<li>Sp\u00fcl-und Putzmittel<\/li>\n\n\n\n<li>Wasserkocher und Toaster<\/li>\n\n\n\n<li><strong>nicht vorhanden<\/strong>: F\u00f6hn und Mikrowelle<\/li>\n<\/ul>\n\n\n\n<h3 class=\"wp-block-heading\">Beschreibung<\/h3>\n\n\n\n<p>Die Ferienwohnung befindet sich im 1. Stock des im Garten gelegenen Hinterhauses. Sie hat einen eigenen Eingang. Der Zugang erfolgt \u00fcber eine steile Treppe (siehe Fotos).<\/p>\n\n\n\n<p>Die Ferienwohnung ist f\u00fcr Kinder unter 6 Jahren nicht geeignet. Der Zugang zum Wohnbereich erfolgt \u00fcber zwei Stufen, die nicht durch ein Treppengitter abgesichert sind. Auch haben die Steckdosen keine Kindersicherung.<\/p>\n\n\n\n<p>Wegen der Dachschr\u00e4gen kann der Aufenthalt f\u00fcr gro\u00dfe Menschen schwierig sein. Nachfolgend einige Bilder mit H\u00f6henangaben.<\/p>\n\n\n\n<figure class=\"wp-block-gallery has-nested-images columns-default is-cropped wp-block-gallery-1 is-layout-flex wp-block-gallery-is-layout-flex\">\n<figure class=\"wp-block-image size-large\"><img loading=\"lazy\" decoding=\"async\" width=\"1024\" height=\"851\" data-id=\"119\" src=\"https:\/\/fewo-meer-und-wald.de\/wp-content\/uploads\/2025\/11\/2025-11-03_22h19_54-1024x851.png\" alt=\"\" class=\"wp-image-119\" srcset=\"https:\/\/fewo-meer-und-wald.de\/wp-content\/uploads\/2025\/11\/2025-11-03_22h19_54-1024x851.png 1024w, https:\/\/fewo-meer-und-wald.de\/wp-content\/uploads\/2025\/11\/2025-11-03_22h19_54-300x249.png 300w, https:\/\/fewo-meer-und-wald.de\/wp-content\/uploads\/2025\/11\/2025-11-03_22h19_54-768x638.png 768w, https:\/\/fewo-meer-und-wald.de\/wp-content\/uploads\/2025\/11\/2025-11-03_22h19_54.png 1280w\" sizes=\"auto, (max-width: 1024px) 100vw, 1024px\" \/><figcaption class=\"wp-element-caption\">Raumh\u00f6he vor der K\u00fcchenzeile<\/figcaption><\/figure>\n\n\n\n<figure class=\"wp-block-image size-large\"><img loading=\"lazy\" decoding=\"async\" width=\"1024\" height=\"894\" data-id=\"120\" src=\"https:\/\/fewo-meer-und-wald.de\/wp-content\/uploads\/2025\/11\/2025-11-04_19h36_21-1024x894.png\" alt=\"\" class=\"wp-image-120\" srcset=\"https:\/\/fewo-meer-und-wald.de\/wp-content\/uploads\/2025\/11\/2025-11-04_19h36_21-1024x894.png 1024w, https:\/\/fewo-meer-und-wald.de\/wp-content\/uploads\/2025\/11\/2025-11-04_19h36_21-300x262.png 300w, https:\/\/fewo-meer-und-wald.de\/wp-content\/uploads\/2025\/11\/2025-11-04_19h36_21-768x670.png 768w, https:\/\/fewo-meer-und-wald.de\/wp-content\/uploads\/2025\/11\/2025-11-04_19h36_21.png 1280w\" sizes=\"auto, (max-width: 1024px) 100vw, 1024px\" \/><figcaption class=\"wp-element-caption\">Raumh\u00f6he vor dem Waschbecken im Bad<\/figcaption><\/figure>\n\n\n\n<figure class=\"wp-block-image size-large\"><img loading=\"lazy\" decoding=\"async\" width=\"1024\" height=\"789\" data-id=\"117\" src=\"https:\/\/fewo-meer-und-wald.de\/wp-content\/uploads\/2025\/11\/2025-11-04_19h57_51-1024x789.png\" alt=\"\" class=\"wp-image-117\" srcset=\"https:\/\/fewo-meer-und-wald.de\/wp-content\/uploads\/2025\/11\/2025-11-04_19h57_51-1024x789.png 1024w, https:\/\/fewo-meer-und-wald.de\/wp-content\/uploads\/2025\/11\/2025-11-04_19h57_51-300x231.png 300w, https:\/\/fewo-meer-und-wald.de\/wp-content\/uploads\/2025\/11\/2025-11-04_19h57_51-768x592.png 768w, https:\/\/fewo-meer-und-wald.de\/wp-content\/uploads\/2025\/11\/2025-11-04_19h57_51.png 1280w\" sizes=\"auto, (max-width: 1024px) 100vw, 1024px\" \/><figcaption class=\"wp-element-caption\">H\u00f6he des T\u00fcrsturzes im Bad<\/figcaption><\/figure>\n<\/figure>\n\n\n\n<h3 class=\"wp-block-heading\">Bettw\u00e4sche und Handt\u00fccher<\/h3>\n\n\n\n<p>Ein Bettw\u00e4sche- und Handt\u00fccherpaket kann dazu gebucht werden. Handt\u00fccher f\u00fcr den Strand m\u00fcssen mitgebracht werden.<\/p>\n\n\n\n<h3 class=\"wp-block-heading\">Haustiere<\/h3>\n\n\n\n<p>Haustiere sind nicht gestattet.<\/p>\n\n\n\n<h3 class=\"wp-block-heading\">Parken<\/h3>\n\n\n\n<p>Auf dem Hof gibt es eine kostenlose Parkm\u00f6glichkeit f\u00fcr einen PKW.<\/p>\n\n\n\n<h3 class=\"wp-block-heading\">Rauchen<\/h3>\n\n\n\n<p>Rauchen ist in der gesamten Ferienwohnung und im Flur nicht gestattet.<\/p>\n\n\n\n<h3 class=\"wp-block-heading\">W\u00e4sche waschen<\/h3>\n\n\n\n<p>In der D\u00fcnenstr. 9 befindet sich ein Waschsalon. <\/p>\n\n\n\n<h3 class=\"wp-block-heading\">WLAN\/WiFi<\/h3>\n\n\n\n<p>Kostenloses WLAN ist verf\u00fcgbar.<\/p>\n\n\n\n<figure class=\"wp-block-gallery has-nested-images columns-default is-cropped wp-block-gallery-2 is-layout-flex wp-block-gallery-is-layout-flex\">\n<figure class=\"wp-block-image size-large\"><img loading=\"lazy\" decoding=\"async\" width=\"462\" height=\"1024\" data-id=\"140\" src=\"https:\/\/fewo-meer-und-wald.de\/wp-content\/uploads\/2025\/11\/IMG_20251024_145305186-1-462x1024.jpg\" alt=\"Treppe zur Ferienwohnung\" class=\"wp-image-140\" srcset=\"https:\/\/fewo-meer-und-wald.de\/wp-content\/uploads\/2025\/11\/IMG_20251024_145305186-1-462x1024.jpg 462w, https:\/\/fewo-meer-und-wald.de\/wp-content\/uploads\/2025\/11\/IMG_20251024_145305186-1-135x300.jpg 135w, https:\/\/fewo-meer-und-wald.de\/wp-content\/uploads\/2025\/11\/IMG_20251024_145305186-1-768x1703.jpg 768w, https:\/\/fewo-meer-und-wald.de\/wp-content\/uploads\/2025\/11\/IMG_20251024_145305186-1-693x1536.jpg 693w, https:\/\/fewo-meer-und-wald.de\/wp-content\/uploads\/2025\/11\/IMG_20251024_145305186-1-924x2048.jpg 924w, https:\/\/fewo-meer-und-wald.de\/wp-content\/uploads\/2025\/11\/IMG_20251024_145305186-1-scaled.jpg 1155w\" sizes=\"auto, (max-width: 462px) 100vw, 462px\" \/><\/figure>\n\n\n\n<figure class=\"wp-block-image size-large\"><img loading=\"lazy\" decoding=\"async\" width=\"462\" height=\"1024\" data-id=\"138\" src=\"https:\/\/fewo-meer-und-wald.de\/wp-content\/uploads\/2025\/11\/IMG_20251024_150704514-462x1024.jpg\" alt=\"Blick zur Eingangst\u00fcr\" class=\"wp-image-138\" srcset=\"https:\/\/fewo-meer-und-wald.de\/wp-content\/uploads\/2025\/11\/IMG_20251024_150704514-462x1024.jpg 462w, https:\/\/fewo-meer-und-wald.de\/wp-content\/uploads\/2025\/11\/IMG_20251024_150704514-135x300.jpg 135w, https:\/\/fewo-meer-und-wald.de\/wp-content\/uploads\/2025\/11\/IMG_20251024_150704514-768x1703.jpg 768w, https:\/\/fewo-meer-und-wald.de\/wp-content\/uploads\/2025\/11\/IMG_20251024_150704514-693x1536.jpg 693w, https:\/\/fewo-meer-und-wald.de\/wp-content\/uploads\/2025\/11\/IMG_20251024_150704514-924x2048.jpg 924w, https:\/\/fewo-meer-und-wald.de\/wp-content\/uploads\/2025\/11\/IMG_20251024_150704514-scaled.jpg 1155w\" sizes=\"auto, (max-width: 462px) 100vw, 462px\" \/><\/figure>\n\n\n\n<figure class=\"wp-block-image size-large\"><img loading=\"lazy\" decoding=\"async\" width=\"462\" height=\"1024\" data-id=\"139\" src=\"https:\/\/fewo-meer-und-wald.de\/wp-content\/uploads\/2025\/11\/IMG_20251024_145422489-462x1024.jpg\" alt=\"Flur\" class=\"wp-image-139\" srcset=\"https:\/\/fewo-meer-und-wald.de\/wp-content\/uploads\/2025\/11\/IMG_20251024_145422489-462x1024.jpg 462w, https:\/\/fewo-meer-und-wald.de\/wp-content\/uploads\/2025\/11\/IMG_20251024_145422489-135x300.jpg 135w, https:\/\/fewo-meer-und-wald.de\/wp-content\/uploads\/2025\/11\/IMG_20251024_145422489-768x1703.jpg 768w, https:\/\/fewo-meer-und-wald.de\/wp-content\/uploads\/2025\/11\/IMG_20251024_145422489-693x1536.jpg 693w, https:\/\/fewo-meer-und-wald.de\/wp-content\/uploads\/2025\/11\/IMG_20251024_145422489-924x2048.jpg 924w, https:\/\/fewo-meer-und-wald.de\/wp-content\/uploads\/2025\/11\/IMG_20251024_145422489-scaled.jpg 1155w\" sizes=\"auto, (max-width: 462px) 100vw, 462px\" \/><\/figure>\n<\/figure>\n","protected":false},"excerpt":{"rendered":"<p>An- und Abreise Am Anreisetag steht die Ferienwohnung ab 16 Uhr bereit. Die Abreise muss bis 10 Uhr erfolgen. Ausstattung Beschreibung Die Ferienwohnung befindet sich im 1. Stock des im Garten gelegenen Hinterhauses. Sie hat einen eigenen Eingang. Der Zugang erfolgt \u00fcber eine steile Treppe (siehe Fotos). Die Ferienwohnung ist f\u00fcr Kinder unter 6 Jahren [&hellip;]<\/p>\n","protected":false},"author":1,"featured_media":0,"parent":0,"menu_order":0,"comment_status":"closed","ping_status":"closed","template":"","meta":{"footnotes":""},"class_list":["post-115","page","type-page","status-publish","hentry"],"_links":{"self":[{"href":"https:\/\/fewo-meer-und-wald.de\/index.php\/wp-json\/wp\/v2\/pages\/115","targetHints":{"allow":["GET"]}}],"collection":[{"href":"https:\/\/fewo-meer-und-wald.de\/index.php\/wp-json\/wp\/v2\/pages"}],"about":[{"href":"https:\/\/fewo-meer-und-wald.de\/index.php\/wp-json\/wp\/v2\/types\/page"}],"author":[{"embeddable":true,"href":"https:\/\/fewo-meer-und-wald.de\/index.php\/wp-json\/wp\/v2\/users\/1"}],"replies":[{"embeddable":true,"href":"https:\/\/fewo-meer-und-wald.de\/index.php\/wp-json\/wp\/v2\/comments?post=115"}],"version-history":[{"count":10,"href":"https:\/\/fewo-meer-und-wald.de\/index.php\/wp-json\/wp\/v2\/pages\/115\/revisions"}],"predecessor-version":[{"id":162,"href":"https:\/\/fewo-meer-und-wald.de\/index.php\/wp-json\/wp\/v2\/pages\/115\/revisions\/162"}],"wp:attachment":[{"href":"https:\/\/fewo-meer-und-wald.de\/index.php\/wp-json\/wp\/v2\/media?parent=115"}],"curies":[{"name":"wp","href":"https:\/\/api.w.org\/{rel}","templated":true}]}}

<h3 class="wp-block-heading">An- und Abreise</h3>



<p>Am Anreisetag steht die Ferienwohnung ab 16 Uhr bereit. Die Abreise muss bis 10 Uhr erfolgen.</p>



<h3 class="wp-block-heading">Ausstattung</h3>



<ul class="wp-block-list">
<li>Spülmaschine</li>



<li>Kaffeemaschine</li>



<li>Herd mit Backofen</li>



<li>Anlage für Radio- und Fernsehempfang (Anschluss eigener Geräte über ein HDMI-Kabel möglich)</li>



<li>Schreibtisch</li>



<li>WLAN inklusive</li>



<li>Spül-und Putzmittel</li>



<li>Wasserkocher und Toaster</li>



<li><strong>nicht vorhanden</strong>: Föhn und Mikrowelle</li>
</ul>



<h3 class="wp-block-heading">Beschreibung</h3>



<p>Die Ferienwohnung befindet sich im 1. Stock des im Garten gelegenen Hinterhauses. Sie hat einen eigenen Eingang. Der Zugang erfolgt über eine steile Treppe (siehe Fotos).</p>



<p>Die Ferienwohnung ist für Kinder unter 6 Jahren nicht geeignet. Der Zugang zum Wohnbereich erfolgt über zwei Stufen, die nicht durch ein Treppengitter abgesichert sind. Auch haben die Steckdosen keine Kindersicherung.</p>



<p>Wegen der Dachschrägen kann der Aufenthalt für große Menschen schwierig sein. Nachfolgend einige Bilder mit Höhenangaben.</p>



<figure class="wp-block-gallery has-nested-images columns-default is-cropped wp-block-gallery-1 is-layout-flex wp-block-gallery-is-layout-flex">
<figure class="wp-block-image size-large"><img loading="lazy" decoding="async" width="1024" height="851" data-id="119" src="https://fewo-meer-und-wald.de/wp-content/uploads/2025/11/2025-11-03_22h19_54-1024x851.png" alt="" class="wp-image-119" srcset="https://fewo-meer-und-wald.de/wp-content/uploads/2025/11/2025-11-03_22h19_54-1024x851.png 1024w, https://fewo-meer-und-wald.de/wp-content/uploads/2025/11/2025-11-03_22h19_54-300x249.png 300w, https://fewo-meer-und-wald.de/wp-content/uploads/2025/11/2025-11-03_22h19_54-768x638.png 768w, https://fewo-meer-und-wald.de/wp-content/uploads/2025/11/2025-11-03_22h19_54.png 1280w" sizes="auto, (max-width: 1024px) 100vw, 1024px" /><figcaption class="wp-element-caption">Raumhöhe vor der Küchenzeile</figcaption></figure>



<figure class="wp-block-image size-large"><img loading="lazy" decoding="async" width="1024" height="894" data-id="120" src="https://fewo-meer-und-wald.de/wp-content/uploads/2025/11/2025-11-04_19h36_21-1024x894.png" alt="" class="wp-image-120" srcset="https://fewo-meer-und-wald.de/wp-content/uploads/2025/11/2025-11-04_19h36_21-1024x894.png 1024w, https://fewo-meer-und-wald.de/wp-content/uploads/2025/11/2025-11-04_19h36_21-300x262.png 300w, https://fewo-meer-und-wald.de/wp-content/uploads/2025/11/2025-11-04_19h36_21-768x670.png 768w, https://fewo-meer-und-wald.de/wp-content/uploads/2025/11/2025-11-04_19h36_21.png 1280w" sizes="auto, (max-width: 1024px) 100vw, 1024px" /><figcaption class="wp-element-caption">Raumhöhe vor dem Waschbecken im Bad</figcaption></figure>



<figure class="wp-block-image size-large"><img loading="lazy" decoding="async" width="1024" height="789" data-id="117" src="https://fewo-meer-und-wald.de/wp-content/uploads/2025/11/2025-11-04_19h57_51-1024x789.png" alt="" class="wp-image-117" srcset="https://fewo-meer-und-wald.de/wp-content/uploads/2025/11/2025-11-04_19h57_51-1024x789.png 1024w, https://fewo-meer-und-wald.de/wp-content/uploads/2025/11/2025-11-04_19h57_51-300x231.png 300w, https://fewo-meer-und-wald.de/wp-content/uploads/2025/11/2025-11-04_19h57_51-768x592.png 768w, https://fewo-meer-und-wald.de/wp-content/uploads/2025/11/2025-11-04_19h57_51.png 1280w" sizes="auto, (max-width: 1024px) 100vw, 1024px" /><figcaption class="wp-element-caption">Höhe des Türsturzes im Bad</figcaption></figure>
</figure>



<h3 class="wp-block-heading">Bettwäsche und Handtücher</h3>



<p>Ein Bettwäsche- und Handtücherpaket kann dazu gebucht werden. Handtücher für den Strand müssen mitgebracht werden.</p>



<h3 class="wp-block-heading">Haustiere</h3>



<p>Haustiere sind nicht gestattet.</p>



<h3 class="wp-block-heading">Parken</h3>



<p>Auf dem Hof gibt es eine kostenlose Parkmöglichkeit für einen PKW.</p>



<h3 class="wp-block-heading">Rauchen</h3>



<p>Rauchen ist in der gesamten Ferienwohnung und im Flur nicht gestattet.</p>



<h3 class="wp-block-heading">Wäsche waschen</h3>



<p>In der Dünenstr. 9 befindet sich ein Waschsalon. </p>



<h3 class="wp-block-heading">WLAN/WiFi</h3>



<p>Kostenloses WLAN ist verfügbar.</p>



<figure class="wp-block-gallery has-nested-images columns-default is-cropped wp-block-gallery-2 is-layout-flex wp-block-gallery-is-layout-flex">
<figure class="wp-block-image size-large"><img loading="lazy" decoding="async" width="462" height="1024" data-id="140" src="https://fewo-meer-und-wald.de/wp-content/uploads/2025/11/IMG_20251024_145305186-1-462x1024.jpg" alt="Treppe zur Ferienwohnung" class="wp-image-140" srcset="https://fewo-meer-und-wald.de/wp-content/uploads/2025/11/IMG_20251024_145305186-1-462x1024.jpg 462w, https://fewo-meer-und-wald.de/wp-content/uploads/2025/11/IMG_20251024_145305186-1-135x300.jpg 135w, https://fewo-meer-und-wald.de/wp-content/uploads/2025/11/IMG_20251024_145305186-1-768x1703.jpg 768w, https://fewo-meer-und-wald.de/wp-content/uploads/2025/11/IMG_20251024_145305186-1-693x1536.jpg 693w, https://fewo-meer-und-wald.de/wp-content/uploads/2025/11/IMG_20251024_145305186-1-924x2048.jpg 924w, https://fewo-meer-und-wald.de/wp-content/uploads/2025/11/IMG_20251024_145305186-1-scaled.jpg 1155w" sizes="auto, (max-width: 462px) 100vw, 462px" /></figure>



<figure class="wp-block-image size-large"><img loading="lazy" decoding="async" width="462" height="1024" data-id="138" src="https://fewo-meer-und-wald.de/wp-content/uploads/2025/11/IMG_20251024_150704514-462x1024.jpg" alt="Blick zur Eingangstür" class="wp-image-138" srcset="https://fewo-meer-und-wald.de/wp-content/uploads/2025/11/IMG_20251024_150704514-462x1024.jpg 462w, https://fewo-meer-und-wald.de/wp-content/uploads/2025/11/IMG_20251024_150704514-135x300.jpg 135w, https://fewo-meer-und-wald.de/wp-content/uploads/2025/11/IMG_20251024_150704514-768x1703.jpg 768w, https://fewo-meer-und-wald.de/wp-content/uploads/2025/11/IMG_20251024_150704514-693x1536.jpg 693w, https://fewo-meer-und-wald.de/wp-content/uploads/2025/11/IMG_20251024_150704514-924x2048.jpg 924w, https://fewo-meer-und-wald.de/wp-content/uploads/2025/11/IMG_20251024_150704514-scaled.jpg 1155w" sizes="auto, (max-width: 462px) 100vw, 462px" /></figure>



<figure class="wp-block-image size-large"><img loading="lazy" decoding="async" width="462" height="1024" data-id="139" src="https://fewo-meer-und-wald.de/wp-content/uploads/2025/11/IMG_20251024_145422489-462x1024.jpg" alt="Flur" class="wp-image-139" srcset="https://fewo-meer-und-wald.de/wp-content/uploads/2025/11/IMG_20251024_145422489-462x1024.jpg 462w, https://fewo-meer-und-wald.de/wp-content/uploads/2025/11/IMG_20251024_145422489-135x300.jpg 135w, https://fewo-meer-und-wald.de/wp-content/uploads/2025/11/IMG_20251024_145422489-768x1703.jpg 768w, https://fewo-meer-und-wald.de/wp-content/uploads/2025/11/IMG_20251024_145422489-693x1536.jpg 693w, https://fewo-meer-und-wald.de/wp-content/uploads/2025/11/IMG_20251024_145422489-924x2048.jpg 924w, https://fewo-meer-und-wald.de/wp-content/uploads/2025/11/IMG_20251024_145422489-scaled.jpg 1155w" sizes="auto, (max-width: 462px) 100vw, 462px" /></figure>
</figure>

<p>An- und Abreise Am Anreisetag steht die Ferienwohnung ab 16 Uhr bereit. Die Abreise muss bis 10 Uhr erfolgen. Ausstattung Beschreibung Die Ferienwohnung befindet sich im 1. Stock des im Garten gelegenen Hinterhauses. Sie hat einen eigenen Eingang. Der Zugang erfolgt über eine steile Treppe (siehe Fotos). Die Ferienwohnung ist für Kinder unter 6 Jahren [&hellip;]</p>
